ber?
True
Let l(n) = 55*n**2 + 10*n + 23. Is l(-6) prime?
False
Is 130 + (9/12)/(3/(-12)) a prime number?
True
Is (42273/27 + -1)/((-6)/(-27)) a prime number?
False
Let k(w) = -9*w**3 - 4*w**2 - 4*w - 1. Let g be k(-3). Let l = g + -141. Is l a prime number?
False
Let h = -6 - 58. Let k be 1091/(-9) + (-8)/(-36). Let t = h - k. Is t a prime number?
False
Let c be ((-4)/6)/((-3)/3393). Let n = 388 - 45. Suppose l = c + n. Is l a prime number?
True
Suppose -6*p + 13 = 1. Suppose 1583 + 1356 = p*b - 3*s, 5*b + 4*s = 7405. Is b composite?
True
Let b = -4617 + 10598. Is b a prime number?
True
Is (-87)/(-29) - (3 + -1 - 4986) prime?
True
Let q = 38960 + -23663. Is q prime?
False
Let q(p) = -3*p**2 + 4*p - 4. Let k be q(4). Is (55936/k)/(-8) + (-2)/9 a composite number?
True
Suppose -12*h + 7148 = -22048. Suppose -a = -5*u + h, 5*u + a + 297 - 2734 = 0. Is u a composite number?
False
Let k(m) = m**3 + m**2 - 8*m. Let u(f) = 3*f**3 + 3*f**2 - 23*f. Let g(l) = 11*k(l) - 4*u(l). Let b be g(-3). Let i(t) = 15*t + 7. Is i(b) prime?
True
Let b be 298/2 + (-2)/(-2). Let y = -4 + b. Let t = y + 9. Is t prime?
False
Let o(c) = 10*c + 58. Let d be o(-6). Is (141/(-4))/((-15)/60) - d a composite number?
True
Suppose 2*f - 154 = 334. Let c = f + -111. Is c a composite number?
True
Suppose 0 = -2*s - 10, 0*d + 2*d - 3*s = 30125. Is d a prime number?
False
Let f = -243 + 1129. Is (f*(-1)/2)/(-1) a prime number?
True
Let h(x) be the third derivative of x**7/5040 + 959*x**6/720 + x**5/15 + 7*x**2. Let a(u) be the third derivative of h(u). Is a(0) a prime number?
False
Suppose 158 + 196 = 6*l. Suppose 2*u - 91 = -3*y + 4*u, -2*y = -u - l. Suppose -y*q + 31*q - 1628 = 0. Is q composite?
True
Is -3*1361*130/(-78) prime?
False
Let h(o) be the second derivative of 13*o**6/20 + o**5/24 - 5*o**4/6 + 11*o. Let f(b) be the third derivative of h(b). Is f(3) a composite number?
False
Suppose -77*g = 8*g - 2859315. Is g prime?
False
Let h(d) = -145*d + 7. Let p be (-16)/(-72) - 76/18. Is h(p) a prime number?
True
Let m(h) = -h**2 - 6*h + 12557. Is m(0) a composite number?
True
Suppose 0 = -5*h + 5 - 175. Let q = -24 - h. Let f(s) = 33*s + 7. Is f(q) a prime number?
True
Suppose 5*x = 2*x + 87. Let c = -11 + x. Suppose 2*j + o = j + c, 5*j - o - 66 = 0. Is j composite?
True
Let d be ((-4)/(-5))/((-16)/200). Let b = d - -12. Is 3 - (-54 + b + 0) prime?
False
Let t(f) = 110*f - 24. Suppose 3*r - 4 = 3*o + 8, -5*o + 5 = 0. Is t(r) prime?
False
Let p(m) = 257*m**2 + m - 1. Let k = -8 - -6. Let y be k/(-2 - (0 - 0)). Is p(y) a prime number?
True
Suppose 7*c = 495 - 29790. Let m = 6144 + c. Is m prime?
False
Suppose 2*j - 10 = -3*j. Let n(x) = 5*x**j - x + 9*x + 6 + 0*x. Is n(-5) composite?
True
Suppose 3818 = -8*q + 10*q. Suppose -4*b - 6 = -22, m - 5*b - q = 0. Is m composite?
True
Suppose 23*f - 25*f + 10 = 0. Is (3 - 4) + 313 - f a prime number?
True
Suppose 3 = 4*m + 15. Is 104 + 4 + 1*(-9)/m prime?
False
Let f = -29 + 34. Suppose 0 = 3*x - q - 3773, 2520 = 2*x + 2*q - f*q. Is x a prime number?
False
Let x be (-6)/(-9)*-3*-1. Suppose -x*b = -b - 761. Let y = b - 452. Is y a prime number?
False
Let n = 4185 - 8192. Let d = -2068 - n. Is d composite?
True
Suppose 0 = 3*q - 68470 - 57596. Is q composite?
True
Suppose -9*l + 1696 = -2930. Let m be (-3520)/(-4) + 2 + -1. Let u = m - l. Is u composite?
False
Suppose 5*y + 3 = 28. Suppose 9*x = -5*s + 4*x + y, x = s - 7. Suppose -s*l = -5*i + 139, 0 = -3*i - 5*l + 37 + 76. Is i a composite number?
False
Is (-6)/9*(-88116)/8 composite?
True
Is (-215948)/2*(-4 + 3) composite?
True
Let d = 6 - 2. Suppose -2*f + 198 = 4*p, p - d = -p. Suppose v - f - 108 = 0. Is v a composite number?
True
Is (3/(-3) - 0)/((-2)/3002) prime?
False
Let m = 2884 + 1507. Is m prime?
True
Is 2/(-1 - 15)*-4*1814 a prime number?
True
Suppose 3*v + 4*s - 6948 = -v, 3*v + 5*s - 5211 = 0. Let n = v + -178. Is n a composite number?
False
Suppose 3*x = -2*a - 20, -2*a + 5*x + 0*x = -12. Let u be (a/6)/((-1)/6). Suppose u*d - 5*k = 2*d + 569, 5*d = 5*k + 1400. Is d prime?
True
Suppose -4*g + 121 + 107 = t, 0 = -4*g + 4*t + 228. Let u = -145 - -107. Let f = g + u. Is f prime?
True
Suppose -814 = 5*a + k, 2*a = -2*a + 3*k - 655. Let g be (-2 + 62)*(-52)/(-10). Let i = g + a. Is i a prime number?
True
Suppose 10*r = 21179 + 28881. Is r composite?
True
Suppose -5*v + 2 = -y - 4, -v + 6 = y. Let t be 10*(-2)/(-8)*v. Suppose r = -4*h + 371, -t*r - 4*h = -25 - 1910. Is r composite?
True
Let i be (30/(-9))/(-5) - (-2)/(-3). Suppose i = -x + 181 - 2. Is x composite?
False
Is 252/60*(-238110)/(-18) a composite number?
True
Suppose 0 = 6*x - 8518 - 1148. Suppose x = 7*y - 2036. Is y a prime number?
True
Is (-3 + 2)*936885/(-15) a composite number?
False
Let o = 1 + 3. Suppose v - 183 = o*v + 3*z, 284 = -4*v + 4*z. Is ((-7)/(-2))/((-3)/v) prime?
False
Let g = 346 + 68. Let y = -84 + g. Let j = 517 - y. Is j composite?
True
Let u = 1587 - 488. Is u a prime number?
False
Suppose 14*q - 19*q - 155 = 0. Let v = 27 + q. Is 19817/21 + v/6 a prime number?
False
Suppose 0 = -3*b + 9, 4*p - 30 = -3*b - 5. Let j = p + -4. Suppose -4*v + 2*v + 604 = j. Is v composite?
True
Suppose -954629 = 13*c - 26*c. Is c a composite number?
False
Let v(q) = -q**3 - 5*q**2 - q + 2. Let x be v(-5). Let w(a) = -3*a + 10. Let j be w(-10). Suppose -k - x = -j. Is k composite?
True
Let h = -9 + 14. Let m(z) = 5*z**3 - 8*z**2 + 6*z - 10. Is m(h) a prime number?
False
Suppose -3*f + 3*s = -1133 + 308, 5*f + 3*s = 1407. Let k be f/36 - 1/(-4). Is (46/k)/(8/32) a prime number?
True
Let z(j) = -133*j - 9. Let h be z(4). Is (-11 - -10)/(1/h) a prime number?
True
Let v(p) be the second derivative of -p**4/12 + 5*p**3/6 + 4*p**2 - 6*p. Let f be v(6). Suppose 0 = 3*q - 3*k - 369 - 51, f*q = k + 281. Is q composite?
True
Suppose -14*k + 19*k + 1675 = 0. Let f = 708 + k. Is f prime?
True
Suppose x - 10055 = 5*o - 7*o, 2*o = -6. Is x prime?
True
Suppose 27*t = 2*a + 29*t - 25314, 4*t - 37973 = -3*a. Is a composite?
True
Is 1/(-1) - (4 + -3718) prime?
False
Suppose 5*p + 17 = 252. Suppose 2*a + 5 - 13 = 0. Suppose 1277 = a*d - p. Is d a composite number?
False
Let z = 41555 - 28606. Is z prime?
False
Let d(v) = -4*v - 1 - v**2 - 1 + 2. Let z be d(-3). Suppose z*s + 546 = 3*x, -4*x + 3*x + 179 = -2*s. Is x a prime number?
False
Suppose 3*r + r - 2*f = 10302, 3*r - 7714 = -f. Is r a prime number?
False
Suppose 0 = 2*v - 6, -v = 2*n - 6*v + 21. Is n/2 + (-1418)/(-4) a prime number?
True
Let u = 5 - 11. Let f be 27/3*8/u. Is 15/f*58*-2 a composite number?
True
Is 32/(-56) + 198010/14 a composite number?
False
Let o be (1 + (-1)/(-5))*-10 - -4. Is (2228/o)/(2 - 10/4) composite?
False
Let w be 46984/63 + 4/18. Suppose 0 = -3*r - 118 - 47. Let g = r + w. Is g a prime number?
True
Let p(m) = 11*m**3 - 3*m**2 - 2*m - 2. Let o be p(8). Suppose -o = 6*d - 19768. Is d a composite number?
True
Let p(h) = 3*h**3 - 5*h**2 - 9*h - 1. Suppose 10 = 3*y - 4*l, 2*l = y + 7*l - 16. Is p(y) composite?
True
Is 3/(-15) - (35110320/(-50))/7 composite?
True
Let u = 112 + 62. Let g be -3 - (-303)/6 - (-3)/(-6). Let b = u - g. Is b composite?
False
Let n be (-4870)/(-6) + 1 - (-19)/57. Let k = 1226 + n. Is k a prime number?
True
Let h(n) = -n**3 + 3*n**2 + 7*n - 1. Suppose -i = 19 - 11. Is h(i) composite?
False
Is 1553 + -1 + 127 + -116 composite?
True
Suppose 58702 = -f + 15*f. Is f composite?
True
Let y(i) = -115*i - 3. Let w be y(2). Let v = -331 - w. Let k = 289 + v. Is k a composite number?
False
Is 6805/(-25)*1*-5 a prime number?
True
Suppose -l = -3*s - 13636 + 118579, -3*l = 0. Is s a prime number?
True
Let x = -260 + 157. Let n = x + 266. Is n a composite number?
False
Let v(d) = -d**3 + 15*d**2 - d + 17. Let n be v(15). Let q be -2*((-7)/n + 2). Let o = q + 50. Is o a composite number?
False
Suppose 16 + 3159 = 25*d. Suppose -3*a = l - 1, 5*a - 3*a - 3*l = 8. Is a/((3/3)/d) composite?
False
Let z = -50 - 7. Let c be 1/(3/(1854/1239) + -2). Let n = c + z. Is n composite?
False
Let d be (1269/6)/((-3)/(-4)). Let c be 36/15 - (-6)/(-15). Suppose 0 = -u + 4*o + 155, c*u + o - 2*o - d = 0. Is u a prime number?
True
Suppose 0 = -5*o - 4*g + 259702 - 32503, 2*o - 90890 = g. Is o prime?
False
Suppose 2*k - 5*g = 1, -2*g + g + 13 = 4*k. Suppose -